 4.
30032
-1200020 (base 3) to base 5
-14341
What is -1311344 (base 5) in base 13?
-b9c5
Convert -13220201 (base 4) to base 5.
-2000030
What is -1001110010010 (base 2) in base 10?
-5010
-1430 (base 6) to base 10
-378
745 (base 15) to base 2
11001101000
-56 (base 9) to base 14
-39
What is 103310130 (base 4) in base 16?
13d1c
What is -7a5 (base 12) in base 15?
-508
Convert 1135 (base 6) to base 4.
10103
110121 (base 3) to base 13
202
200120220 (base 3) to base 9
20526
106 (base 16) to base 15
127
What is -15700 (base 8) in base 14?
-2836
-201010 (base 3) to base 2
-1000000100
Convert -8043 (base 9) to base 6.
-43103
-223454 (base 6) to base 11
-13286
-32750 (base 9) to base 13
-9b94
What is b9cb (base 14) in base 11?
22157
What is b9 (base 14) in base 6?
431
What is -28 (base 13) in base 9?
-37
103033 (base 5) to base 2
110110111110
Convert -4555 (base 11) to base 6.
-43421
What is -2102102 (base 3) in base 14?
-902
-3754 (base 10) to base 14
-1522
What is 23502 (base 7) in base 10?
6078
-40606 (base 10) to base 12
-1b5ba
-6d57 (base 14) to base 7
-106440
Convert -105 (base 16) to base 12.
-199
-16fd (base 16) to base 12
-34a5
Convert 1101011011011 (base 2) to base 14.
2711
21021022 (base 3) to base 14
1d08
What is 46521 (base 7) in base 4?
2322102
Convert -3b52 (base 14) to base 5.
-313320
Convert 1925 (base 13) to base 12.
2205
Convert -469 (base 13) to base 14.
-3c7
312110 (base 4) to base 15
106b
What is -313233 (base 4) in base 13?
-1815
Convert -6259 (base 12) to base 16.
-29e5
Convert 332423 (base 5) to base 7.
45600
Convert 14a1 (base 14) to base 11.
2836
Convert -1074 (base 8) to base 3.
-210012
Convert 18b28 (base 14) to base 8.
172140
What is 51 (base 16) in base 4?
1101
Convert 103134 (base 5) to base 13.
17c8
Convert -135 (base 12) to base 8.
-271
-11022201 (base 3) to base 5
-100101
What is 647 (base 8) in base 9?
520
What is -a098 (base 16) in base 12?
-1b960
-700 (base 16) to base 7
-5140
Convert 9a1b (base 12) to base 9.
25305
443123 (base 6) to base 5
2140422
1231033 (base 5) to base 14
89c9
-d5bd (base 16) to base 14
-15d25
-1042 (base 7) to base 4
-11311
-1b0d3 (base 14) to base 15
-155aa
What is 110101000 (base 2) in base 5?
3144
Convert -296 (base 13) to base 16.
-1cd
Convert 110000101010100 (base 2) to base 12.
12504
Convert -18589 (base 10) to base 7.
-105124
-21111 (base 6) to base 9
-3817
What is 84 (base 10) in base 3?
10010
Convert 3212 (base 4) to base 14.
126
What is -6c57 (base 13) in base 15?
-47dc
What is -15ba (base 15) in base 14?
-19bd
Convert 515033 (base 6) to base 10.
41277
What is 16e (base 16) in base 3?
111120
Convert -111001000111000 (base 2) to base 10.
-29240
Convert -334301 (base 7) to base 8.
-163410
-111030 (base 4) to base 5
-20411
Convert 773c (base 15) to base 2.
110001010101001
Convert 3ccb (base 15) to base 9.
18762
1587 (base 10) to base 16
633
What is 381 (base 11) in base 5?
3302
Convert 100231 (base 5) to base 3.
11101012
Convert -1051 (base 8) to base 13.
-337
-6879 (base 12) to base 14
-4337
What is -201311 (base 4) in base 11?
-1699
Convert -a13 (base 13) to base 5.
-23311
-66a (base 13) to base 15
-4d7
What is 2110 (base 5) in base 12?
1b4
Convert -1113100 (base 4) to base 5.
-134314
Convert 101 (base 7) to base 13.
3b
What is -114310 (base 7) in base 2?
-101000011111110
Convert -1a9ca (base 13) to base 15.
-10713
Convert 11100011110100 (base 2) to base 4.
3203310
1211 (base 3) to base 16
31
Convert 50c4 (base 13) to base 2.
10101110001001
What is -1101110 (base 2) in base 12?
-92
15044 (base 6) to base 8
4544
-344034 (base 5) to base 7
-51064
-4423 (base 8) to base 7
-6526
What is -2542 (base 6) in base 8?
-1176
-2110011121 (base 3) to base 14
-13818
14d6 (base 14) to base 5
104331
Convert 1111011110 (base 2) to base 15.
460
-21001 (base 3) to base 12
-13a
What is -10682 (base 16) in base 15?
-14da2
1160 (base 15) to base 6
25030
What is 112a (base 12) in base 14?
9a2
Convert -5441 (base 6) to base 4.
-103201
-16a5 (base 11) to base 12
-1310
What is -337 (base 11) in base 2?
-110010011
Convert 1ac2 (base 13) to base 12.
2411
What is 4a4 (base 12) in base 7?
2020
What is -236 (base 14) in base 3?
-121022
482 (base 11) to base 6
2354
What is -1131 (base 14) in base 13?
-1486
-4548 (base 9) to base 11
-258a
What is 310 (base 6) in base 8?
162
Convert 867 (base 10) to base 16.
363
What is 4250 (base 6) in base 3?
1022210
-229 (base 16) to base 7
-1420
-30324 (base 5) to base 4
-132230
Convert -11942 (base 11) to base 4.
-10023103
-a93 (base 15) to base 3
-10021110
-112503 (base 7) to base 16
-4eae
Convert -166 (base 14) to base 7.
-556
Convert 63b (base 13) to base 4.
100220
-2338 (base 10) to base 4
-210202
-2a3b (base 16) to base 11
-8139
-25333 (base 6) to base 16
-ed9
3630 (base 15) to base 3
120210200
What is -e23 (base 15) in base 5?
-100213
-56403 (base 7) to base 14
-52aa
-16aa (base 16) to base 8
-13252
11232 (base 5) to base 10
817
What is -137202 (base 8) in base 6?
-1013442
What is -43324 (base 9) in base 10?
-28696
What is 1123030 (base 4) in base 9?
8004
What is -1031 (base 8) in base 12?
-389
412413 (base 6) to base 3
1200020200
2506 (base 8) to base 12
946
What is -25277 (base 9) in base 7?
-100363
Convert -111022 (base 3) to base 14.
-1b9
Convert -2487 (base 11) to base 16.
-ca9
What is 121002 (base 4) in base 11?
1227
What is e6 (base 16) in base 8?
346
48 (base 12) to base 16
38
10010011001101101 (base 2) to base 10
75373
What is 50a (base 11) in base 7?
1536
Convert -22d (base 15) to base 10.
-493
Convert 100011110111 (base 2) to base 14.
b9d
Convert -140551 (base 6) to base 15.
-3d81
Convert 102221 (base 3) to base 6.
1254
Convert -883 (base 11) to base 4.
-100203
What is -1111110101 (base 2) in base 16?
-3f5
80385 (base 9) to base 2
1100111001001000
Convert -522 (base 14) to base 5.
-13020
What is -351 (base 15) in base 9?
-1024
What is -64416 (base 8) in base 12?
-13692
Convert -100101011 (base 2) to base 5.
-2144
Convert 1112111012 (base 3) to base 10.
30245
What is 5130 (base 8) in base 4?
221120
Convert 2011 (base 4) to base 10.
133
What is -2656 (base 11) in base 9?
-4652
3723 (base 9) to base 5
42100
Convert -525 (base 7) to base 10.
-264
-1e6c (base 16) to base 3
-101200110
-ab35 (base 13) to base 16
-5d41
What is -3041 (base 5) in base 7?
-1104
What is -20021 (base 3) in base 9?
-207
252 (base 7) to base 10
135
Convert -101000000100101 (base 2) to base 11.
-14462
113 (base 13) to base 11
159
-9c99 (base 15) to base 12
-17283
What is 353 (base 13) in base 6?
2355
What is -34350 (base 8) in base 15?
-44b3
What is -382e (base 16) in base 5?
-430012
What is -2851 (base 11) in base 4?
-321212
What is 31120313 (base 4) in base 14?
15db1
Convert 112002201 (base 4) to base 11.
61907
17b (base 15) to base 9
418
Convert 40883 (base 9) to base 7.
141423
-38718 (base 9) to base 15
-7aee
What is 1220 (base 6) in base 11?
253
Convert -13488 (base 15) to base 4.
-33011102
What is -224 (base 5) in base 16?
-40
Convert -10b4 (base 16) to base 12.
-2584
40143 (base 6) to base 12
3053
-808 (base 12) to base 8
-2210
Convert 2212330 (base 5) to base 3.
1221202122
-6602 (base 12) to base 14
-4146
Convert 11b52 (base 13) to base 5.
2021214
Convert -3776 (base 14) to base 4.
-2113230
13432 (base 7) to base 9
5004
Convert -47863 (base 10) to base 2.
-1011101011110111
-31203 (base 5) to base 2
-100000000101
29483 (base 11) to base 10
41836
-212031 (base 4) to base 8
-4615
435c (base 13) to base 9
13763
What is -111010011011 (base 2) in base 15?
-1194
6363 (base 10) to base 9
8650
What is -3750 (base 8) in base 15?
-8ee
What is -2b2 (base 13) in base 16?
-1e3
14533 (base 7) to base 13
1abc
What is -102000101 (base 3) in base 11?
-603a
What is -20132 (base 4) in base 16?
-21e
What is -193 (base 12) in base 5?
-2010
What is -30221 (base 4) in base 3?
-1002222
12121 (base 4) to base 9
504
What is -1001011111011 (base 2) in base 7?
-20111
14104 (base 5) to base 7
3236
3bb (base 15) to base 6
3535
Convert 3002 (base 5) to base 15.
1a2
24c7 (base 13) to base 11
3a28
-4686 (base 9) to base 12
-2020
What is 63720 (base 8) in base 4?
12133100
What is 100101011101 (base 2) in base 16?
95d
Convert -1002112121 (base 3) to base 15.
-65aa
What is -cb3 (base 16) in base 6?
-23015
Convert 5361 (b